p - 12. List the prime factors of h(-18).
2, 3, 7, 181
Suppose 3*n = -8*f + 12*f - 27118, 5*f + 2*n - 33909 = 0. What are the prime factors of f?
6781
Let h(w) = w**3 + 35*w**2 + 10*w + 103. What are the prime factors of h(-27)?
5, 11, 103
Let a = 46 + -41. Suppose a*w - 124 - 6 = 0. What are the prime factors of (1 + 15)/(w/91)?
2, 7
What are the prime factors of (-218 + 14)/(-2 + (-294)/(-156))?
2, 13, 17
Let h(x) = 27*x**2 - 145*x + 1077. List the prime factors of h(50).
7, 8761
Let u = -36216 - -66722. List the prime factors of u.
2, 7, 2179
Let f be (-3)/(2 - -1) - (-6)/(-2). Let c be ((-3)/(30/f))/((-13)/1235). Let k = c + 79. List the prime factors of k.
41
Let u be 1239/5 + (-11)/(-55). Suppose 1240 = 5*a - 4*w, w + u = a - 3*w. Suppose -5*r + a = 3*r. What are the prime factors of r?
31
Let a be (-19012)/(-16) - (-1)/(-4 + 0). Let d = a - 751. What are the prime factors of d?
19, 23
Let t(i) = -i**3 + 40*i**2 - 9*i + 61. Let b be t(40). Let u = b - -701. What are the prime factors of u?
2, 3, 67
Suppose 5*d - 549 - 3176 = 0. Let q = d + -656. List the prime factors of q.
89
Suppose -2*i - 2*y + 24 = 0, 5*y - 12 = -i - 0*y. Suppose -11*r - 55 = -i*r. Suppose 2*z - 99 = r. What are the prime factors of z?
7, 11
Let g(k) = 31*k**2 + 17*k + 564. List the prime factors of g(-32).
2, 3, 2647
Suppose 36 = 16*p - 4*p. Suppose -2*n + p*u + 1344 = 0, -5*n = -6*n + u + 672. What are the prime factors of n?
2, 3, 7
Let k be 3119/5 + -3 + 2/10. Let t = 1122 - k. What are the prime factors of t?
3, 167
What are the prime factors of (-8)/6 - (0 - 60/45) - -6789?
3, 31, 73
Suppose -9840 - 6750 = -14*v. Let q = v + -822. List the prime factors of q.
3, 11
Suppose 2*r = -n + 7 + 6, 0 = -n + 2*r + 5. Let a(y) = y**3 - 6*y**2 - 19*y + 5. List the prime factors of a(n).
7, 11
Let l(g) = g**3 - 13*g**2 + 3*g - 29. Let w be l(13). Suppose 0 = -4*r - 46 + w. What are the prime factors of 221 - (r/(-45) + 14/5)?
2, 109
Suppose -9 = -m - 15. Let p = m - -14. List the prime factors of 63/(-84) + 62/p.
7
Let j = 36575 + -24110. What are the prime factors of j?
3, 5, 277
What are the prime factors of ((-86)/(-14319)*37)/((8/625122)/4)?
2, 34729
Let b = 139456 - 90712. List the prime factors of b.
2, 3, 677
Suppose -5*z = -2*n + 5385, 2*z + 11057 - 2952 = 3*n. What are the prime factors of n?
5, 541
Suppose 27*y - 18*y + 19*y - 375928 = 0. List the prime factors of y.
2, 7, 137
Suppose 0 = 5*x + 19*x - 432. Suppose -21*v + 825 = -x*v. List the prime factors of v.
5, 11
Let g(f) = -15 + 28 - 9 + 13*f. Let v be g(1). Suppose v*o - 819 = 8*o. List the prime factors of o.
7, 13
Suppose -24 = 3*c + k + 148, -5*c - 5*k - 270 = 0. Let s = c + 59. Suppose 535 = 5*y - s*y. What are the prime factors of y?
107
Suppose -36*r = -57*r + 2457. Suppose -r = 2*b - 231. What are the prime factors of b?
3, 19
Suppose 4*x - 6*n + 2*n = 14916, 3733 = x - 3*n. Let c = -2549 + x. List the prime factors of c.
2, 19, 31
Let m(v) be the second derivative of 41*v**3/6 + 13*v**2/2 - v - 46. List the prime factors of m(6).
7, 37
Suppose -12221*l + 1058205 = -12206*l. What are the prime factors of l?
19, 47, 79
Let j(t) = 1128*t - 14. List the prime factors of j(7).
2, 7, 563
Suppose 8*y - 10*y = 5*b - 28127, 4 = -y. List the prime factors of b.
17, 331
Let a be (-18)/((3 + -2)*-2) + -4. Suppose -a*o = -q - 585, 0 = -8*o + 4*o + 4*q + 452. What are the prime factors of o?
2, 59
Suppose 3*k = u + 54231, 0 = 5*k + 306*u - 307*u - 90383. List the prime factors of k.
2, 4519
Let f = -895 - -1084. Suppose 4*q = 5*n - 11 - 29, -5*q = -4*n + 32. Suppose n*a = a + f. List the prime factors of a.
3
Let i(c) = -c**2 + 9*c + 33. Let r be i(0). Suppose 0 = r*q + 6259 - 56056. List the prime factors of q.
3, 503
Suppose -5*l - 4384 = -2*u, 4*u - 4*l = -u + 11028. What are the prime factors of u?
2, 7, 79
Let d = -683 - -647. List the prime factors of (d - -33)*1382/(-6).
691
Let g be 11 + (6 - 24/3). What are the prime factors of ((-177)/g)/(2*7/(-84))?
2, 59
Let r(x) = 11*x**2 - 10*x - 68. Let b be r(-5). Let z = b - -267. List the prime factors of z.
2, 131
Suppose -3*n + 2*n = 0. Let w be n*3/(-6)*1. Suppose -5*k - 4*g + 65 = g, w = 3*k + 2*g - 44. What are the prime factors of k?
2, 3
Let j be ((-1749)/(-106))/(6/(-8)). Let v(f) = -f + 9 + 19 + 1. List the prime factors of v(j).
3, 17
Let x(y) = -11*y**2 - 49*y**3 - 22*y**3 + 4*y**3 + 7*y**2 - 3*y. What are the prime factors of x(-1)?
2, 3, 11
Suppose -3*j = -3*q + 24342, -j - 8 = -3*j. What are the prime factors of q?
2, 3, 11, 41
Let v = -89 + 77. What are the prime factors of 2 + 2833/3 - v/(-9)?
3, 5, 7
Suppose -217*d - 208*d = -442*d + 550307. What are the prime factors of d?
32371
What are the prime factors of (280062/(-90) + 29)/(((-3)/15)/1)?
2, 3, 7, 367
Suppose -17*h + 15836 + 83078 = -41557. What are the prime factors of h?
8263
Let w(n) = n**3 - 14*n**2 + 5*n + 13. Let r be w(15). Let u = 37 + r. List the prime factors of u.
2, 5, 7
Let k be ((-2 - -3) + (-11)/3)/((-178)/(-4806)). Let p = 149 - 281. Let s = k - p. What are the prime factors of s?
2, 3, 5
What are the prime factors of 15928 - ((-9)/6 - (-84)/(-8))?
2, 5, 797
Let y(d) = -d**2 - d + 16. Let g be y(3). Suppose -g*w = 4*t - 438 - 170, -2*w = -5*t + 746. What are the prime factors of t?
2, 3, 5
Let c = 141358 - 77428. What are the prime factors of c?
2, 3, 5, 2131
Let u(d) = -414*d - 24. Suppose -9*j - 3 = 6. List the prime factors of u(j).
2, 3, 5, 13
Let y = -180 - -152. Let z(b) = -12*b - 2. List the prime factors of z(y).
2, 167
Let r be 38/(-5)*(7 - 17). Let z(m) = -m**3 - 9*m**2 - 2*m - 1. Let b be z(-8). Let h = b + r. List the prime factors of h.
3
Let a(x) = -187*x - 370. List the prime factors of a(-7).
3, 313
Suppose 0 = -20*k + 10370 + 2510. Let r = 964 - k. List the prime factors of r.
2, 5
Suppose -3*c = k - 5216, -5*c + 3*c + 3482 = -4*k. List the prime factors of c.
37, 47
Suppose 4*i = -0*i + 4, 3*j + 2*i = 14. Let k be -1*j*(-40)/32. Suppose k*v - 197 = 328. What are the prime factors of v?
3, 5, 7
List the prime factors of (4/((-8)/(-10701)))/(-18*(-6)/216).
3, 29, 41
Suppose 240 = -7*z + 13*z. Suppose -3*b + 11*b = -z. What are the prime factors of -9*b/(20/12)*1?
3
Suppose 0 = 2*z + 5*m - 2667, 3*z + 2702 - 6735 = -m. Let h = -551 + z. List the prime factors of h.
3, 5, 53
Let a(b) = 201*b - 8. Let p be a(-2). Let r = -249 - p. Suppose -4*g + 51 = -r. What are the prime factors of g?
53
Let u(a) = -5750*a - 1905. What are the prime factors of u(-4)?
5, 4219
Let m = -319 - -334. What are the prime factors of 620 + 9/((-27)/m)?
3, 5, 41
Suppose -h = -2*i - 40645, -4*i + 37238 + 125426 = 4*h. What are the prime factors of h?
3, 13553
Let l(j) = 3*j**3 - 6*j + 7. Let w be l(3). Let a be (-2)/(-12) + w/12. Suppose 447 = a*u + 153. What are the prime factors of u?
7
What are the prime factors of ((-9273360)/(-64))/15 - 6/8?
13, 743
Let j(v) = 75*v - 3*v**2 + v**3 - 65*v - 8*v**2 + 3*v**2 - 10. Let z be j(8). Suppose -c = -35 - z. List the prime factors of c.
3, 5, 7
Let k be (-39)/91 + (-202)/(-14). Let g(l) = 57*l - 64. What are the prime factors of g(k)?
2, 367
Let h(n) = 12*n - 4. Let t be h(-2). What are the prime factors of (3962/t)/((2 + -1)/(-2))?
283
List the prime factors of (-3)/(26 - 22 - (-208622)/(-52154)).
89, 293
Suppose 2730 + 2571 = 9*w. Let t = -184 + w. List the prime factors of t.
3, 5
List the prime factors of 3/((-9)/(-4620)) + 1 + -3.
2, 769
Suppose 2*n + 3 - 9 = 0. Suppose n*i - 699 = -4*o, 5*i - 5*o - 1130 = -0*i. List the prime factors of i.
229
List the prime factors of (8 - (-3)/2)/(2/(-5920)*-5).
2, 19, 37
What are the prime factors of ((-6)/21 - 99/(-126)) + 1330588/56?
23761
Suppose 59*m + 836283 = 80*m. List the prime factors of m.
7, 5689
Suppose -13*s = -5*s - 24. Let n(b) = 3*b - 8*b + b**2 + s - 2. What are the prime factors of n(-8)?
3, 5, 7
Let i = -39 - -37. Let j = i - 2. List the prime factors of 0 + (-440)/(j + -1).
2, 11
Let i = -4868 - -9001. List the prime factors of i.
4133
Let a be (-5 - 3 - -32)*(-6)/(-4). What are the prime factors of 602 - (-9)/(a/16)?
2, 3, 101
Suppose 4*n = 4*r - n - 13, -3*r + 3 = 3*n. Let t(y) = y**3 + 28*y**2 + 26*y - 19. Let j be t(-27). What are the prime factors of 118 - (j/4 + r)?
2, 